{"version":"1.0","provider_name":"Bever fastening technology","provider_url":"https:\/\/www.bever.de\/en","author_name":"Johanna Kroczek","author_url":"https:\/\/www.bever.de\/en\/author\/jkroczek\/","title":"Fastener Fair 2019 | Bever Befestigungstechnik","type":"rich","width":600,"height":338,"html":"<blockquote class=\"wp-embedded-content\" data-secret=\"gInYXUOtJo\"><a href=\"https:\/\/www.bever.de\/en\/aktuelles\/fastener-fair-2019\/\">Fastener Fair 2019<\/a><\/blockquote><iframe sandbox=\"allow-scripts\" security=\"restricted\" src=\"https:\/\/www.bever.de\/en\/aktuelles\/fastener-fair-2019\/embed\/#?secret=gInYXUOtJo\" width=\"600\" height=\"338\" title=\"&#8220;Fastener Fair 2019&#8221; &#8212; Bever Befestigungstechnik\" data-secret=\"gInYXUOtJo\" frameborder=\"0\" marginwidth=\"0\" marginheight=\"0\" scrolling=\"no\" class=\"wp-embedded-content\"><\/iframe><script>\n\/*! This file is auto-generated *\/\n!function(d,l){\"use strict\";l.querySelector&&d.addEventListener&&\"undefined\"!=typeof URL&&(d.wp=d.wp||{},d.wp.receiveEmbedMessage||(d.wp.receiveEmbedMessage=function(e){var t=e.data;if((t||t.secret||t.message||t.value)&&!\/[^a-zA-Z0-9]\/.test(t.secret)){for(var s,r,n,a=l.querySelectorAll('iframe[data-secret=\"'+t.secret+'\"]'),o=l.querySelectorAll('blockquote[data-secret=\"'+t.secret+'\"]'),c=new RegExp(\"^https?:$\",\"i\"),i=0;i<o.length;i++)o[i].style.display=\"none\";for(i=0;i<a.length;i++)s=a[i],e.source===s.contentWindow&&(s.removeAttribute(\"style\"),\"height\"===t.message?(1e3<(r=parseInt(t.value,10))?r=1e3:~~r<200&&(r=200),s.height=r):\"link\"===t.message&&(r=new URL(s.getAttribute(\"src\")),n=new URL(t.value),c.test(n.protocol))&&n.host===r.host&&l.activeElement===s&&(d.top.location.href=t.value))}},d.addEventListener(\"message\",d.wp.receiveEmbedMessage,!1),l.addEventListener(\"DOMContentLoaded\",function(){for(var e,t,s=l.querySelectorAll(\"iframe.wp-embedded-content\"),r=0;r<s.length;r++)(t=(e=s[r]).getAttribute(\"data-secret\"))||(t=Math.random().toString(36).substring(2,12),e.src+=\"#?secret=\"+t,e.setAttribute(\"data-secret\",t)),e.contentWindow.postMessage({message:\"ready\",secret:t},\"*\")},!1)))}(window,document);\n\/\/# sourceURL=https:\/\/www.bever.de\/wp-includes\/js\/wp-embed.min.js\n<\/script>","thumbnail_url":"https:\/\/www.bever.de\/wp-content\/uploads\/2023\/03\/fastener-fair-2017-stand.jpeg","thumbnail_width":705,"thumbnail_height":415,"description":"Die 8. Internationale Fachmesse der Verbindungs- und Befestigungstechnik ist erfolgreich beendet. 987 Aussteller aus 45 L\u00e4ndern pr\u00e4sentierten sich in Stuttgart dem interessierten Publikum. Wir bedanken uns bei allen Besuchern unseres Messestandes f\u00fcr die vielen interessanten Gespr\u00e4che. Weitere Informationen zur Messe finden Sie hier &gt;"}

Die 8. Internationale Fachmesse der Verbindungs- und Befestigungstechnik ist erfolgreich beendet. 987 Aussteller aus 45 Ländern präsentierten sich in Stuttgart dem interessierten Publikum. Wir bedanken uns bei allen Besuchern unseres Messestandes für die vielen interessanten Gespräche. Weitere Informationen zur Messe finden Sie hier &gt;
