{"version":"1.0","provider_name":"Bever fastening technology","provider_url":"https:\/\/www.bever.de\/en","author_name":"Johanna Kroczek","author_url":"https:\/\/www.bever.de\/en\/author\/jkroczek\/","title":"Aktuelles &amp; Termine | Bever Befestigungstechnik","type":"rich","width":600,"height":338,"html":"<blockquote class=\"wp-embedded-content\" data-secret=\"I8mX8nfhby\"><a href=\"https:\/\/www.bever.de\/en\/company\/current-dates\/\">News &amp; Dates<\/a><\/blockquote><iframe sandbox=\"allow-scripts\" security=\"restricted\" src=\"https:\/\/www.bever.de\/en\/company\/current-dates\/embed\/#?secret=I8mX8nfhby\" width=\"600\" height=\"338\" title=\"&#8220;Aktuelles &amp; Termine&#8221; &#8212; Bever Befestigungstechnik\" data-secret=\"I8mX8nfhby\" frameborder=\"0\" marginwidth=\"0\" marginheight=\"0\" scrolling=\"no\" class=\"wp-embedded-content\"><\/iframe><script>\n\/*! This file is auto-generated *\/\n!function(d,l){\"use strict\";l.querySelector&&d.addEventListener&&\"undefined\"!=typeof URL&&(d.wp=d.wp||{},d.wp.receiveEmbedMessage||(d.wp.receiveEmbedMessage=function(e){var t=e.data;if((t||t.secret||t.message||t.value)&&!\/[^a-zA-Z0-9]\/.test(t.secret)){for(var s,r,n,a=l.querySelectorAll('iframe[data-secret=\"'+t.secret+'\"]'),o=l.querySelectorAll('blockquote[data-secret=\"'+t.secret+'\"]'),c=new RegExp(\"^https?:$\",\"i\"),i=0;i<o.length;i++)o[i].style.display=\"none\";for(i=0;i<a.length;i++)s=a[i],e.source===s.contentWindow&&(s.removeAttribute(\"style\"),\"height\"===t.message?(1e3<(r=parseInt(t.value,10))?r=1e3:~~r<200&&(r=200),s.height=r):\"link\"===t.message&&(r=new URL(s.getAttribute(\"src\")),n=new URL(t.value),c.test(n.protocol))&&n.host===r.host&&l.activeElement===s&&(d.top.location.href=t.value))}},d.addEventListener(\"message\",d.wp.receiveEmbedMessage,!1),l.addEventListener(\"DOMContentLoaded\",function(){for(var e,t,s=l.querySelectorAll(\"iframe.wp-embedded-content\"),r=0;r<s.length;r++)(t=(e=s[r]).getAttribute(\"data-secret\"))||(t=Math.random().toString(36).substring(2,12),e.src+=\"#?secret=\"+t,e.setAttribute(\"data-secret\",t)),e.contentWindow.postMessage({message:\"ready\",secret:t},\"*\")},!1)))}(window,document);\n\/\/# sourceURL=https:\/\/www.bever.de\/wp-includes\/js\/wp-embed.min.js\n<\/script>","description":"Aktuelles &#038; Termine Messekalender Wir sind kontinuierlich auf nationalen und internationalen Fachmessen vertreten. Wir w\u00fcnschen uns, zahlreiche Interessenten und Kunden begr\u00fc\u00dfen zu k\u00f6nnen und auch vermehrt internationale Kontakte zu kn\u00fcpfen. Ein seit Jahren von uns konsequent eingeschlagener Weg, auf qualitativ hochwertige und bauaufsichtlich zugelassene Produkte zu setzen, wird nicht nur vom Fachhandel sondern auch vom [&hellip;]"}

Aktuelles &#038; Termine Messekalender Wir sind kontinuierlich auf nationalen und internationalen Fachmessen vertreten. Wir wünschen uns, zahlreiche Interessenten und Kunden begrüßen zu können und auch vermehrt internationale Kontakte zu knüpfen. Ein seit Jahren von uns konsequent eingeschlagener Weg, auf qualitativ hochwertige und bauaufsichtlich zugelassene Produkte zu setzen, wird nicht nur vom Fachhandel sondern auch vom [&hellip;]
